{"id":451,"date":"2021-09-10T17:33:04","date_gmt":"2021-09-10T17:33:04","guid":{"rendered":"https:\/\/thermopack.com.ar\/selladoras-de-bolsas-de-polietileno\/?page_id=451"},"modified":"2026-03-23T13:27:08","modified_gmt":"2026-03-23T13:27:08","slug":"selladora-de-cortinas-roller-mod-cfb-2000-n","status":"publish","type":"page","link":"https:\/\/thermopack.com.ar\/selladoras-de-bolsas-de-polietileno\/maquinas-selladoras-2\/selladora-de-cortinas-roller-mod-cfb-2000-n\/","title":{"rendered":"Selladora de cortinas Roller Mod. CFB-2000 N"},"content":{"rendered":"<p><img loading=\"lazy\" decoding=\"async\" class=\"alignnone size-full wp-image-452\" src=\"http:\/\/thermopack.com.ar\/selladoras-de-bolsas-de-polietileno\/wp-content\/uploads\/2021\/09\/cfb2000.jpg\" alt=\"\" width=\"280\" height=\"231\" \/> <img loading=\"lazy\" decoding=\"async\" class=\"alignnone size-full wp-image-458\" src=\"http:\/\/thermopack.com.ar\/selladoras-de-bolsas-de-polietileno\/wp-content\/uploads\/2021\/09\/Cfb-2000n-2.jpg\" alt=\"\" width=\"280\" height=\"231\" \/><\/p>\n<p><img loading=\"lazy\" decoding=\"async\" class=\"alignnone size-medium wp-image-459\" src=\"http:\/\/thermopack.com.ar\/selladoras-de-bolsas-de-polietileno\/wp-content\/uploads\/2021\/09\/Cfb-2000-n2-230x300.jpg\" alt=\"\" width=\"230\" height=\"300\" srcset=\"https:\/\/thermopack.com.ar\/selladoras-de-bolsas-de-polietileno\/wp-content\/uploads\/2021\/09\/Cfb-2000-n2-230x300.jpg 230w, https:\/\/thermopack.com.ar\/selladoras-de-bolsas-de-polietileno\/wp-content\/uploads\/2021\/09\/Cfb-2000-n2.jpg 283w\" sizes=\"(max-width: 230px) 100vw, 230px\" \/><\/p>\n<p><strong>Modelo THERMO PACK CFB-2000 Neum\u00e1tica<\/strong><\/p>\n<p>&#8211; Longitud \u00fatil 2000 mm.<br \/>\n&#8211; Accionamiento Neum\u00e1tico.<br \/>\n&#8211; Formador de bolsillo.<\/p>\n<p><strong>Si tiene alguna duda o consulta respecto de este producto haga <a href=\"http:\/\/thermopack.com.ar\/selladoras-de-bolsas-de-polietileno\/contacto\/\">&gt;&gt; CLICK AQUI<\/a><\/strong><\/p>\n<p>&nbsp;<\/p>\n<p><strong><a href=\"http:\/\/thermopack.com.ar\/selladoras-de-bolsas-de-polietileno\/maquinas-selladoras-2\/\">&lt;&lt; Volver<\/a><\/strong><\/p>\n<p>&nbsp;<\/p>\n<p>&nbsp;<\/p>\n","protected":false},"excerpt":{"rendered":"<p>Modelo THERMO PACK CFB-2000 Neum\u00e1tica &#8211; Longitud \u00fatil 2000 mm. &#8211; Accionamiento Neum\u00e1tico. &#8211; Formador de bolsillo. Si tiene alguna duda o consulta respecto de este producto haga &gt;&gt; CLICK AQUI &nbsp; &lt;&lt; Volver &nbsp; &nbsp;<\/p>\n","protected":false},"author":1,"featured_media":0,"parent":26,"menu_order":0,"comment_status":"closed","ping_status":"closed","template":"","meta":{"_et_pb_use_builder":"","_et_pb_old_content":"","_et_gb_content_width":"","footnotes":""},"class_list":["post-451","page","type-page","status-publish","hentry"],"aioseo_notices":[],"_links":{"self":[{"href":"https:\/\/thermopack.com.ar\/selladoras-de-bolsas-de-polietileno\/wp-json\/wp\/v2\/pages\/451","targetHints":{"allow":["GET"]}}],"collection":[{"href":"https:\/\/thermopack.com.ar\/selladoras-de-bolsas-de-polietileno\/wp-json\/wp\/v2\/pages"}],"about":[{"href":"https:\/\/thermopack.com.ar\/selladoras-de-bolsas-de-polietileno\/wp-json\/wp\/v2\/types\/page"}],"author":[{"embeddable":true,"href":"https:\/\/thermopack.com.ar\/selladoras-de-bolsas-de-polietileno\/wp-json\/wp\/v2\/users\/1"}],"replies":[{"embeddable":true,"href":"https:\/\/thermopack.com.ar\/selladoras-de-bolsas-de-polietileno\/wp-json\/wp\/v2\/comments?post=451"}],"version-history":[{"count":7,"href":"https:\/\/thermopack.com.ar\/selladoras-de-bolsas-de-polietileno\/wp-json\/wp\/v2\/pages\/451\/revisions"}],"predecessor-version":[{"id":984,"href":"https:\/\/thermopack.com.ar\/selladoras-de-bolsas-de-polietileno\/wp-json\/wp\/v2\/pages\/451\/revisions\/984"}],"up":[{"embeddable":true,"href":"https:\/\/thermopack.com.ar\/selladoras-de-bolsas-de-polietileno\/wp-json\/wp\/v2\/pages\/26"}],"wp:attachment":[{"href":"https:\/\/thermopack.com.ar\/selladoras-de-bolsas-de-polietileno\/wp-json\/wp\/v2\/media?parent=451"}],"curies":[{"name":"wp","href":"https:\/\/api.w.org\/{rel}","templated":true}]}}