{"id":828,"date":"2022-09-20T16:12:47","date_gmt":"2022-09-20T16:12:47","guid":{"rendered":"https:\/\/thermopack.com.ar\/selladoras-de-bolsas-de-polietileno\/?page_id=828"},"modified":"2022-09-20T16:16:54","modified_gmt":"2022-09-20T16:16:54","slug":"modelo-thermo-pack-dzq-500-te","status":"publish","type":"page","link":"https:\/\/thermopack.com.ar\/selladoras-de-bolsas-de-polietileno\/maquinas-de-vacio\/modelo-thermo-pack-dzq-500-te\/","title":{"rendered":"Modelo THERMO PACK  DZQ \u2013 500 TE"},"content":{"rendered":"<p><img loading=\"lazy\" decoding=\"async\" class=\"alignnone wp-image-837 size-full\" src=\"https:\/\/thermopack.com.ar\/selladoras-de-bolsas-de-polietileno\/wp-content\/uploads\/2022\/09\/dzq.jpg\" alt=\"\" width=\"624\" height=\"189\" srcset=\"https:\/\/thermopack.com.ar\/selladoras-de-bolsas-de-polietileno\/wp-content\/uploads\/2022\/09\/dzq.jpg 624w, https:\/\/thermopack.com.ar\/selladoras-de-bolsas-de-polietileno\/wp-content\/uploads\/2022\/09\/dzq-480x145.jpg 480w\" sizes=\"(min-width: 0px) and (max-width: 480px) 480px, (min-width: 481px) 624px, 100vw\" \/><\/p>\n<p># Voltaje: 220V<br \/>\n# Funci\u00f3n de barrido por nitr\u00f3geno.<br \/>\n# Tiempo de sellado programable.<br \/>\n# Tiempo de vac\u00edo programable.<br \/>\n# Tiempo de enfriado programable.<br \/>\n# Funci\u00f3n manual \u2013 autom\u00e1tico programable.<br \/>\n# Potencia de bomba: 120 W.<br \/>\n# Potencia de sellado: 180 W.<br \/>\n# Longitud de sellado 500 mm.<br \/>\n# Ancho de sellado: 8 mm.<br \/>\n# Producci\u00f3n: 2 &#8211; 4 paquetes\/min.<br \/>\n# Dimensiones: 67*44*56 cm.<br \/>\n# Peso: 55 Kg.<\/p>\n<p><strong>Si tiene alguna duda o consulta respecto de este producto haga <a href=\"http:\/\/thermopack.com.ar\/selladoras-de-bolsas-de-polietileno\/contacto\/\">&gt;&gt; CLICK AQUI<\/a><\/strong><\/p>\n<p><a href=\"https:\/\/thermopack.com.ar\/selladoras-de-bolsas-de-polietileno\/maquinas-de-vacio\/\">&lt;&lt; Volver<\/a><\/p>\n<p>&nbsp;<\/p>\n","protected":false},"excerpt":{"rendered":"<p># Voltaje: 220V # Funci\u00f3n de barrido por nitr\u00f3geno. # Tiempo de sellado programable. # Tiempo de vac\u00edo programable. # Tiempo de enfriado programable. # Funci\u00f3n manual \u2013 autom\u00e1tico programable. # Potencia de bomba: 120 W. # Potencia de sellado: 180 W. # Longitud de sellado 500 mm. # Ancho de sellado: 8 mm. # [&hellip;]<\/p>\n","protected":false},"author":1,"featured_media":0,"parent":814,"menu_order":0,"comment_status":"closed","ping_status":"closed","template":"","meta":{"_et_pb_use_builder":"","_et_pb_old_content":"","_et_gb_content_width":"","footnotes":""},"class_list":["post-828","page","type-page","status-publish","hentry"],"aioseo_notices":[],"_links":{"self":[{"href":"https:\/\/thermopack.com.ar\/selladoras-de-bolsas-de-polietileno\/wp-json\/wp\/v2\/pages\/828","targetHints":{"allow":["GET"]}}],"collection":[{"href":"https:\/\/thermopack.com.ar\/selladoras-de-bolsas-de-polietileno\/wp-json\/wp\/v2\/pages"}],"about":[{"href":"https:\/\/thermopack.com.ar\/selladoras-de-bolsas-de-polietileno\/wp-json\/wp\/v2\/types\/page"}],"author":[{"embeddable":true,"href":"https:\/\/thermopack.com.ar\/selladoras-de-bolsas-de-polietileno\/wp-json\/wp\/v2\/users\/1"}],"replies":[{"embeddable":true,"href":"https:\/\/thermopack.com.ar\/selladoras-de-bolsas-de-polietileno\/wp-json\/wp\/v2\/comments?post=828"}],"version-history":[{"count":2,"href":"https:\/\/thermopack.com.ar\/selladoras-de-bolsas-de-polietileno\/wp-json\/wp\/v2\/pages\/828\/revisions"}],"predecessor-version":[{"id":838,"href":"https:\/\/thermopack.com.ar\/selladoras-de-bolsas-de-polietileno\/wp-json\/wp\/v2\/pages\/828\/revisions\/838"}],"up":[{"embeddable":true,"href":"https:\/\/thermopack.com.ar\/selladoras-de-bolsas-de-polietileno\/wp-json\/wp\/v2\/pages\/814"}],"wp:attachment":[{"href":"https:\/\/thermopack.com.ar\/selladoras-de-bolsas-de-polietileno\/wp-json\/wp\/v2\/media?parent=828"}],"curies":[{"name":"wp","href":"https:\/\/api.w.org\/{rel}","templated":true}]}}