{"id":850,"date":"2022-09-22T19:25:24","date_gmt":"2022-09-22T19:25:24","guid":{"rendered":"https:\/\/thermopack.com.ar\/selladoras-de-bolsas-de-polietileno\/?page_id=850"},"modified":"2022-09-22T19:27:34","modified_gmt":"2022-09-22T19:27:34","slug":"modelo-thermo-pack-my-380-f","status":"publish","type":"page","link":"https:\/\/thermopack.com.ar\/selladoras-de-bolsas-de-polietileno\/fechadores\/modelo-thermo-pack-my-380-f\/","title":{"rendered":"Modelo THERMO PACK  MY \u2013 380 F"},"content":{"rendered":"<p><img loading=\"lazy\" decoding=\"async\" class=\"alignnone wp-image-851 size-full\" src=\"https:\/\/thermopack.com.ar\/selladoras-de-bolsas-de-polietileno\/wp-content\/uploads\/2022\/09\/my380f.jpg\" alt=\"\" width=\"592\" height=\"148\" srcset=\"https:\/\/thermopack.com.ar\/selladoras-de-bolsas-de-polietileno\/wp-content\/uploads\/2022\/09\/my380f.jpg 592w, https:\/\/thermopack.com.ar\/selladoras-de-bolsas-de-polietileno\/wp-content\/uploads\/2022\/09\/my380f-480x120.jpg 480w\" sizes=\"(min-width: 0px) and (max-width: 480px) 480px, (min-width: 481px) 592px, 100vw\" \/><\/p>\n<p># Voltaje: 220V<br \/>\n# Potencia: 180 W<br \/>\n# Impresi\u00f3n por tinta s\u00f3lida.<br \/>\n# Velocidad: 1 \u2013 300 piezas\/min.<br \/>\n# Tama\u00f1o m\u00e1ximo imprimible: 500*200 mm.<br \/>\n# Cinco l\u00edneas de impresi\u00f3n.<br \/>\n# Control de temperatura.<br \/>\n# Posicionamiento de impresi\u00f3n.<br \/>\n# Contador digital con reset.<br \/>\n# Dimensiones: 440*465*280 mm.<br \/>\n# Peso: 24 Kg.<\/p>\n<p><strong>Si tiene alguna duda o consulta respecto de este producto haga <a href=\"http:\/\/thermopack.com.ar\/selladoras-de-bolsas-de-polietileno\/contacto\/\">&gt;&gt; CLICK AQUI<\/a><\/strong><\/p>\n<p><a href=\"https:\/\/thermopack.com.ar\/selladoras-de-bolsas-de-polietileno\/fechadores\/\">&lt;&lt; Volver<\/a><\/p>\n<p>&nbsp;<\/p>\n","protected":false},"excerpt":{"rendered":"<p># Voltaje: 220V # Potencia: 180 W # Impresi\u00f3n por tinta s\u00f3lida. # Velocidad: 1 \u2013 300 piezas\/min. # Tama\u00f1o m\u00e1ximo imprimible: 500*200 mm. # Cinco l\u00edneas de impresi\u00f3n. # Control de temperatura. # Posicionamiento de impresi\u00f3n. # Contador digital con reset. # Dimensiones: 440*465*280 mm. # Peso: 24 Kg. Si tiene alguna duda o [&hellip;]<\/p>\n","protected":false},"author":1,"featured_media":0,"parent":842,"menu_order":0,"comment_status":"closed","ping_status":"closed","template":"","meta":{"_et_pb_use_builder":"","_et_pb_old_content":"","_et_gb_content_width":"","footnotes":""},"class_list":["post-850","page","type-page","status-publish","hentry"],"aioseo_notices":[],"_links":{"self":[{"href":"https:\/\/thermopack.com.ar\/selladoras-de-bolsas-de-polietileno\/wp-json\/wp\/v2\/pages\/850","targetHints":{"allow":["GET"]}}],"collection":[{"href":"https:\/\/thermopack.com.ar\/selladoras-de-bolsas-de-polietileno\/wp-json\/wp\/v2\/pages"}],"about":[{"href":"https:\/\/thermopack.com.ar\/selladoras-de-bolsas-de-polietileno\/wp-json\/wp\/v2\/types\/page"}],"author":[{"embeddable":true,"href":"https:\/\/thermopack.com.ar\/selladoras-de-bolsas-de-polietileno\/wp-json\/wp\/v2\/users\/1"}],"replies":[{"embeddable":true,"href":"https:\/\/thermopack.com.ar\/selladoras-de-bolsas-de-polietileno\/wp-json\/wp\/v2\/comments?post=850"}],"version-history":[{"count":2,"href":"https:\/\/thermopack.com.ar\/selladoras-de-bolsas-de-polietileno\/wp-json\/wp\/v2\/pages\/850\/revisions"}],"predecessor-version":[{"id":857,"href":"https:\/\/thermopack.com.ar\/selladoras-de-bolsas-de-polietileno\/wp-json\/wp\/v2\/pages\/850\/revisions\/857"}],"up":[{"embeddable":true,"href":"https:\/\/thermopack.com.ar\/selladoras-de-bolsas-de-polietileno\/wp-json\/wp\/v2\/pages\/842"}],"wp:attachment":[{"href":"https:\/\/thermopack.com.ar\/selladoras-de-bolsas-de-polietileno\/wp-json\/wp\/v2\/media?parent=850"}],"curies":[{"name":"wp","href":"https:\/\/api.w.org\/{rel}","templated":true}]}}